2. Calculate the highest common divisor of 22 and t.
11
Let n = -1 + 1. Suppose -a = -2*v + 7, n*a + 2*a = -4*v + 26. Let o = -3 - -8. Calculate the highest common divisor of o and v.
5
Let u(h) = h**2 + 3*h - 8. Let t be (-1)/(-2)*-2*6. Let p be u(t). What is the highest common divisor of 80 and p?
10
Let c be (50/(-8))/5*-12. What is the highest common divisor of c and 6?
3
Let x be 11 + (8/4 - 4). Calculate the greatest common divisor of x and 81.
9
Let c = 49 + -35. What is the greatest common divisor of 49 and c?
7
Suppose 3 = q - 1. Let n(a) = a**3 - 5*a**2 + 4*a + 2. Let t be n(q). Suppose -t*h = h - 42. Calculate the greatest common divisor of h and 42.
14
Let u = 20 + -17. Suppose -v + 13 = -u. Calculate the highest common factor of v and 40.
8
Suppose -2*x + 24 = -6. Let o be (-48)/(-84) + 101/7. What is the highest common divisor of o and x?
15
Suppose -3*z + 21 = -w + 4*w, -35 = -5*z + 3*w. Suppose 0*k = 3*k - 189. Let p be 4/((-24)/k)*-2. Calculate the highest common divisor of p and z.
7
Let a = -32 + 46. What is the highest common divisor of a and 112?
14
Suppose 5*m = 3*m + 80. Suppose -11*q = -12*q + m. Suppose 6 - 1 = t. Calculate the greatest common divisor of t and q.
5
Suppose -q = 2*q - 48. Let j(n) = 13*n + 9. Let m be j(9). Let y be m - 6/(-3 + 0). What is the greatest common divisor of q and y?
16
Let f be (1 - 3) + 3 + 2. Suppose 23 + 4 = f*k. Calculate the highest common divisor of 72 and k.
9
Let c(q) = q**2 - 8*q + 4. Let g be c(6). Let h be -6*(36/g - -1). What is the greatest common factor of h and 21?
21
Suppose 4*p + 9 = g, 2*g = -3*p + 48 + 3. Let i = 43 - g. What is the highest common divisor of i and 11?
11
Suppose 3*h + 165 = 8*h. Let l = h + -23. What is the highest common factor of 25 and l?
5
Let d = 6 + -3. Let x be -4*(-1)/4*2. Calculate the greatest common divisor of x and d.
1
Let a = -70 - -150. Suppose 2*f + 4*q = 36, 2*q + 6 = -f + 6*q. What is the greatest common factor of f and a?
10
Let o(i) = 3*i + 13. Let y be o(9). Calculate the highest common divisor of 100 and y.
20
Let y = -79 + 44. Let z = y - -18. Let n = -11 - z. Calculate the greatest common divisor of 9 and n.
3
Let s be (-6)/(-4)*(-8)/(-6). Suppose 0 = -f + 3, 7*g - s*g + 2*f - 16 = 0. Calculate the greatest common factor of 3 and g.
1
Suppose 0 = 3*i - 4*r - 160, 0*r + 1 = -r. Suppose 2*f - i + 14 = 0. Suppose 0*j + 95 = j. Calculate the highest common divisor of f and j.
19
Let n(a) = 0*a + 0*a**3 + a**3 + a. Let d be n(2). What is the highest common factor of 90 and d?
10
Suppose 0 = 5*a + 2*i - 12, 6*i = 2*i + 4. Suppose -4*f = -0*f - 12. Calculate the greatest common divisor of a and f.
1
Suppose -d = 4*k - 16, -4*d - k + 0*k + 64 = 0. What is the highest common factor of 144 and d?
16
Let v be 5/(-1 + (-6)/(-3)). Suppose 2*i - 5*l = -0*i + 9, v*i - 4*l = 31. Suppose -86 = -2*f - 30. What is the highest common divisor of i and f?
7
Let f be 1/4 + (-166)/(-8). Let t = f - 9. What is the greatest common divisor of 96 and t?
12
Let h(w) = w + 2. Let y be h(0). Suppose 2*r = -4*i + 84, y*i = 2*r - 0*i - 78. Calculate the greatest common divisor of 60 and r.
20
Suppose -2178 = -5*m + 652. Let l = -377 + m. Calculate the greatest common divisor of l and 21.
21
Let f = 45 - 28. Let z be (1 - 2)*(6 - 159/1). What is the highest common factor of z and f?
17
Let r = 15 + -19. Let j(o) = -o**3 - 3*o**2 + o - 3. Let t be j(r). What is the greatest common divisor of 45 and t?
9
Let m = -4 - -9. What is the highest common divisor of m and 2?
1
Let p = 261 - 195. What is the highest common divisor of p and 33?
33
Let j = -13 + 3. Let c be 35*(16/j - -2). Let y be (-1 - 5)*c/(-3). Calculate the highest common divisor of 70 and y.
14
Let x = 21 - 9. Let k be (3/6)/(2/x). Suppose -k = -3*w + 12. What is the highest common divisor of 35 and w?
5
Let g = -24 - -29. Suppose -3*t - g*d + 84 = t, -60 = -3*t - 3*d. Calculate the highest common divisor of t and 8.
8
Let r(h) = 79*h**3 + 1. Let o be r(1). Let g be 531/27 + (-2)/(-6). What is the highest common factor of o and g?
20
Suppose -5*v - 25 = 0, -2*c + 4*c = -3*v + 49. Calculate the highest common divisor of 96 and c.
32
Let y be -2*25*4/8. Let j = 17 - y. Calculate the highest common factor of 105 and j.
21
Suppose 5*z = 3*p - 335, 0*p - 5*p = 4*z - 620. Calculate the greatest common factor of 15 and p.
15
Suppose 42 - 337 = -5*c - 3*b, 76 = c + 4*b. Calculate the highest common factor of 8 and c.
8
Let c be 410/35 - (-4)/14. What is the highest common factor of c and 84?
12
Let l = 175 + -169. What is the highest common factor of 24 and l?
6
Suppose -9*j = -14*j + 15. Suppose -j*n + 105 = 2*n + 5*b, 0 = 4*n + 5*b - 89. What is the highest common factor of 112 and n?
16
Suppose 12 - 444 = -12*w. What is the greatest common divisor of 24 and w?
12
Let l(y) = 13*y**2 - y - 4. Suppose -s + 6 = -9. Let m be 48/s + 3/(-15). Let r be l(m). Calculate the greatest common divisor of 10 and r.
10
Let v(x) = 78*x + 2. Let y be v(-1). Let u = y - -209. What is the greatest common factor of 19 and u?
19
Let t = -19 + 23. Let p be ((-8)/10)/((-1)/5). What is the highest common divisor of p and t?
4
Let w be (-11 - 1)*(-12)/12. What is the highest common divisor of 24 and w?
12
Let z be (1 + 0)/((-23)/(-161)). What is the greatest common divisor of 77 and z?
7
Let c = 0 + 12. Suppose 2*p = 4*m + 90, -12 = -3*m + 3*p - 87. Let n = 10 - m. Calculate the greatest common factor of c and n.
6
Let z(q) = -5*q**2 + 3*q. Let b(g) = -5*g**2 + 2*g. Let j(p) = -5*b(p) + 4*z(p). Let y be j(-4). Calculate the highest common divisor of y and 9.
9
Let g be (-187)/(-3) - 8/(-12). Suppose -16 = -4*z - 4. Let d be ((-21)/(-4))/z*4. Calculate the highest common factor of g and d.
7
Let c be (-2)/(-6) - (-16)/24. What is the greatest common divisor of 5 and c?
1
Let h = 9 + -5. Let q be (-21)/(-4) - 1/h. Suppose -w + q = -11. Calculate the greatest common divisor of w and 64.
16
Let a = 28 + 1. Calculate the highest common divisor of a and 116.
29
Suppose -u = -2 - 3. Suppose 2*s = u + 1. Let b be 22 + s + (2 - 3). Calculate the highest common factor of b and 16.
8
Let y = -6 - -21. What is the highest common factor of 5 and y?
5
Let w(n) = -n**3 - 6*n**2 - 3*n + 14. Let x be w(-6). Let l = 200 + -120. Calculate the greatest common divisor of x and l.
16
Let h(w) = w**2 - 20*w - 14. Let i be h(21). What is the greatest common factor of i and 28?
7
Let i be (-33)/(-1)*6/18. Let t(u) = u**2 + 5*u + 5. Suppose 5*s - 14 = -44. Let j be t(s). What is the greatest common divisor of j and i?
11
Let o = -126 - -90. Let q be 10/(1 + o/39). Suppose 86 = 3*i - q. What is the highest common factor of i and 9?
9
Let a(y) = 7*y + 1. Let o be a(9). Calculate the highest common divisor of o and 8.
8
Let c = -12 + 7. Let s = 6 - c. What is the highest common factor of 22 and s?
11
Let f be (-2208)/(-28) + (-4)/(-28). Let q = f + -43. What is the greatest common factor of 24 and q?
12
Let r(h) = -h**3 + 7*h**2 + 10*h - 6. Let f be r(6). Calculate the highest common factor of 36 and f.
18
Let g(m) = -4*m - 13. Let r(u) = 2*u + 6. Let o(c) = -2*g(c) - 5*r(c). Let y be o(-8). What is the greatest common factor of y and 132?
12
Let v(t) = -t**3 + 5*t**2 - 7*t + 4. Let j be v(4). Let w = j + 14. Calculate the highest common divisor of 6 and w.
6
Let z(r) = 7*r - 13. Let c be z(-7). Let q be 4/14 + (-16)/7. Let i be q - (1 + c + -1). What is the greatest common factor of i and 24?
12
Let h be 3 + (-21)/6*-2. Let c(j) = 9*j - 4. Let v be -2 + (-4)/(-3)*6. Let m be c(v). Calculate the greatest common divisor of m and h.
10
Suppose 5 = -2*p + 3. Let d = p - -1. Suppose d = -3*x, a - 4*x - 11 = -2*x. What is the highest common factor of a and 22?
11
Let a be (-2 - 1) + 2 - 1183. Let q be 3/7 + a/(-112). What is the greatest common factor of q and 11?
11
Suppose 2*z - 10 = 7*z, -4*q + z + 98 = 0. Suppose 2*l - q = -2*l. What is the greatest common divisor of l and 2?
2
Let z(w) = -w**2 - 5*w + 2. Let c be -2*((-3)/(-2) + 1). Let k be z(c). What is the greatest common divisor of 16 and k?
2
Suppose 0 = 4*n - 57 - 7. Let y be (6/(-3) - -1) + 65. Suppose -s - y = -5*s. What is the greatest common divisor of n and s?
16
Let a = 6 - 3. Let i = 7 - 1. Let l